{"id":367,"date":"2020-08-06T16:59:57","date_gmt":"2020-08-06T14:59:57","guid":{"rendered":"http:\/\/hopital-de-campagne.com\/?page_id=367"},"modified":"2022-03-04T17:06:58","modified_gmt":"2022-03-04T16:06:58","slug":"faire-un-don-a-hopital-de-campagne","status":"publish","type":"page","link":"https:\/\/hopital-de-campagne.com\/index.php\/faire-un-don-a-hopital-de-campagne\/","title":{"rendered":"Faire un don"},"content":{"rendered":"\n<p>To access the English version of this page, please click <a href=\"https:\/\/hopital-de-campagne.com\/en\/index.php\/faire-un-don-a-hopital-de-campagne\/\">here<\/a>.<\/p>\n\n\n\n<p>Pour faire un don \u00e0 notre Association H\u00f4pital de Campagne, il vous suffit de cliquer sur le bouton ci-dessous afin de r\u00e9aliser un don par carte bancaire du montant de votre choix.<\/p>\n\n\n\n<p>Le montant dont vous souhaitez faire don sera \u00e9crit en Euros.<\/p>\n\n\n\n<p>Apr\u00e8s avoir effectu\u00e9 votre don, vous recevrez imm\u00e9diatement un re\u00e7u officiel. <\/p>\n\n\n<div class=\"asp_product_buy_button\"><div class=\"asp-processing-cont\" style=\"display:none;\"><span class=\"asp-processing\">Processing <i>.<\/i><i>.<\/i><i>.<\/i><\/span><\/div><form id = 'asp_ng_form_069e0dc36f254e' class='asp-stripe-form' action = '' METHOD = 'POST'> <input type='hidden' name='asp_product_id' value='384' \/><div class=\"asp-child-hidden-fields\" style=\"display: none !important;\"><\/div><\/form><div id=\"asp-all-buttons-container-069e0dc36f254e\" class=\"asp_all_buttons_container\"><div class=\"asp_product_buy_btn_container\"><button id=\"asp_ng_button_069e0dc36f254e\" type=\"submit\" class=\"asp_product_buy_btn blue\"><span>Faire un don \/ Make a donation<\/span><\/button><\/div><noscript>Stripe Payments n\u00e9cessite que Javascript soit pris en charge par le navigateur pour fonctionner.<\/noscript><\/div><div id=\"asp-btn-spinner-container-069e0dc36f254e\" class=\"asp-btn-spinner-container\" style=\"display: none !important\"><div class=\"asp-btn-spinner\"><div><\/div><div><\/div><div><\/div><div><\/div><\/div><\/div><script>var asp_data_069e0dc36f254e = {\"is_live\":true,\"product_id\":\"384\",\"iframe_url\":\"https:\\\/\\\/hopital-de-campagne.com\\\/asp-payment-box\\\/?product_id=384\",\"button_key\":\"b3ec62f2cbf29c7dd58bbca235f44f15\",\"item_price\":0,\"quantity\":1,\"custom_quantity\":\"\",\"description\":\"\",\"descrGenerated\":false,\"shipping\":0,\"tax\":0,\"image\":\"\",\"currency\":\"EUR\",\"currency_variable\":\"\",\"locale\":\"auto\",\"name\":\"Don \\\/ Donation\",\"url\":\"\",\"amount\":0,\"billingAddress\":false,\"shippingAddress\":false,\"customer_email\":\"\",\"uniq_id\":\"069e0dc36f254e\",\"variable\":true,\"zeroCents\":[\"JPY\",\"MGA\",\"VND\",\"KRW\"],\"addonHooks\":[],\"button_text\":\"Faire un don \\\/ Make a donation\",\"out_of_stock\":false,\"stock_control_enabled\":false,\"stock_items\":0,\"currencyFormat\":{\"c\":2,\"d\":\".\",\"t\":\",\",\"s\":\"\\u20ac\",\"pos\":\"left\"},\"displayStr\":{\"tax\":\"%s (tva)\",\"ship\":\"%s (livraison)\"},\"thankyou_page_url\":\"\",\"show_custom_amount_input\":false};if(typeof jQuery!==\"undefined\") {jQuery(document).ready(function() {new stripeHandlerNG(asp_data_069e0dc36f254e);});} else { if (typeof wpaspInitOnDocReady===\"undefined\") {var wpaspInitOnDocReady=[];} wpaspInitOnDocReady.push(asp_data_069e0dc36f254e);}<\/script><\/div>","protected":false},"excerpt":{"rendered":"<p>To access the English version of this page, please click here. Pour faire un don \u00e0 notre Association H\u00f4pital de Campagne, il vous suffit de cliquer sur le bouton ci-dessous afin de r\u00e9aliser un don par carte bancaire du montant <a class=\"more-link\" href=\"https:\/\/hopital-de-campagne.com\/index.php\/faire-un-don-a-hopital-de-campagne\/\">Continuer la lecture <span class=\"screen-reader-text\">  Faire un don<\/span><span class=\"meta-nav\">&rarr;<\/span><\/a><\/p>\n","protected":false},"author":1,"featured_media":0,"parent":0,"menu_order":0,"comment_status":"closed","ping_status":"closed","template":"","meta":{"footnotes":""},"_links":{"self":[{"href":"https:\/\/hopital-de-campagne.com\/index.php\/wp-json\/wp\/v2\/pages\/367"}],"collection":[{"href":"https:\/\/hopital-de-campagne.com\/index.php\/wp-json\/wp\/v2\/pages"}],"about":[{"href":"https:\/\/hopital-de-campagne.com\/index.php\/wp-json\/wp\/v2\/types\/page"}],"author":[{"embeddable":true,"href":"https:\/\/hopital-de-campagne.com\/index.php\/wp-json\/wp\/v2\/users\/1"}],"replies":[{"embeddable":true,"href":"https:\/\/hopital-de-campagne.com\/index.php\/wp-json\/wp\/v2\/comments?post=367"}],"version-history":[{"count":12,"href":"https:\/\/hopital-de-campagne.com\/index.php\/wp-json\/wp\/v2\/pages\/367\/revisions"}],"predecessor-version":[{"id":761681,"href":"https:\/\/hopital-de-campagne.com\/index.php\/wp-json\/wp\/v2\/pages\/367\/revisions\/761681"}],"wp:attachment":[{"href":"https:\/\/hopital-de-campagne.com\/index.php\/wp-json\/wp\/v2\/media?parent=367"}],"curies":[{"name":"wp","href":"https:\/\/api.w.org\/{rel}","templated":true}]}}