{"id":30,"date":"2020-04-01T13:08:27","date_gmt":"2020-04-01T11:08:27","guid":{"rendered":"http:\/\/hopital-de-campagne.com\/?page_id=30"},"modified":"2022-03-04T16:59:21","modified_gmt":"2022-03-04T15:59:21","slug":"contact","status":"publish","type":"page","link":"https:\/\/hopital-de-campagne.com\/index.php\/contact\/","title":{"rendered":"Contact"},"content":{"rendered":"\n<p>To access the English version of this page, please click <a href=\"https:\/\/hopital-de-campagne.com\/en\/index.php\/contact\/\">here<\/a>.<\/p>\n\n\n\n<p><strong>Association H\u00f4pital de Campagne <\/strong><\/p>\n\n\n\n<p>Si\u00e8ge Social : 53 avenue de S\u00e9gur, 75007 PARIS, FRANCE<\/p>\n\n\n\n<p>Adresse e-mail&nbsp;: <a href=\"mailto:hopital.de.campagne@gmail.com\">hopital.de.campagne@gmail.com<\/a><\/p>\n\n\n\n<p>Tout visiteur de ce Site Web peut, s\u2019il le souhaite, nous contacter par l\u2019e-mail&nbsp;: <a href=\"mailto:hopital.de.campagne@gmail.com\">hopital.de.campagne@gmail.com<\/a> disponible sur ce Site. <\/p>\n\n\n\n<p>Les informations fournies ne seront utilis\u00e9es qu\u2019en interne par les membres de l\u2019Association H\u00f4pital de Campagne, et cela avec la discr\u00e9tion n\u00e9cessaire, et le respect des Lois en vigueur sur la protection des donn\u00e9es. <\/p>\n","protected":false},"excerpt":{"rendered":"<p>To access the English version of this page, please click here. Association H\u00f4pital de Campagne Si\u00e8ge Social : 53 avenue de S\u00e9gur, 75007 PARIS, FRANCE Adresse e-mail&nbsp;: hopital.de.campagne@gmail.com Tout visiteur de ce Site Web peut, s\u2019il le souhaite, nous contacter <a class=\"more-link\" href=\"https:\/\/hopital-de-campagne.com\/index.php\/contact\/\">Continuer la lecture <span class=\"screen-reader-text\">  Contact<\/span><span class=\"meta-nav\">&rarr;<\/span><\/a><\/p>\n","protected":false},"author":1,"featured_media":0,"parent":0,"menu_order":0,"comment_status":"closed","ping_status":"closed","template":"","meta":{"footnotes":""},"_links":{"self":[{"href":"https:\/\/hopital-de-campagne.com\/index.php\/wp-json\/wp\/v2\/pages\/30"}],"collection":[{"href":"https:\/\/hopital-de-campagne.com\/index.php\/wp-json\/wp\/v2\/pages"}],"about":[{"href":"https:\/\/hopital-de-campagne.com\/index.php\/wp-json\/wp\/v2\/types\/page"}],"author":[{"embeddable":true,"href":"https:\/\/hopital-de-campagne.com\/index.php\/wp-json\/wp\/v2\/users\/1"}],"replies":[{"embeddable":true,"href":"https:\/\/hopital-de-campagne.com\/index.php\/wp-json\/wp\/v2\/comments?post=30"}],"version-history":[{"count":8,"href":"https:\/\/hopital-de-campagne.com\/index.php\/wp-json\/wp\/v2\/pages\/30\/revisions"}],"predecessor-version":[{"id":761676,"href":"https:\/\/hopital-de-campagne.com\/index.php\/wp-json\/wp\/v2\/pages\/30\/revisions\/761676"}],"wp:attachment":[{"href":"https:\/\/hopital-de-campagne.com\/index.php\/wp-json\/wp\/v2\/media?parent=30"}],"curies":[{"name":"wp","href":"https:\/\/api.w.org\/{rel}","templated":true}]}}